ulate b(9).
2
Let n(d) = -3*d**2 + 123*d - 13. Determine n(41).
-13
Let c(f) = -f**3 - 4*f**2 + 126*f + 72. What is c(-13)?
-45
Let r(i) = 2*i**2 + 269*i + 453. Calculate r(-133).
54
Let n(k) = k**2 - 10*k - 51. What is n(11)?
-40
Let n(x) = -34*x - 405. What is n(-9)?
-99
Let s(a) = 2*a**2 - 3*a - 44. What is s(6)?
10
Let u(m) = -m**3 + 16*m**2 + 29*m - 34. Give u(17).
170
Let d(o) = o**3 - 49*o**2 - 97*o - 299. Give d(51).
-44
Let d(z) = z**2 - 49*z - 103. What is d(51)?
-1
Let h(c) = -c**3 - 173*c**2 - 329*c + 2221. Give h(-171).
-2
Let s(f) = 47*f - 11. Determine s(-1).
-58
Let s(a) = 204*a - 26732. Calculate s(131).
-8
Let g(b) = -b**2 + 70*b - 254. Calculate g(67).
-53
Let c(q) = 1342*q + 5354. Give c(-4).
-14
Let f(i) = i**3 + 165*i**2 + 1971*i - 773. What is f(-152)?
-13
Let v(r) = -18*r**2 + 8*r - 25. Give v(4).
-281
Let o(b) = 452*b**2 + 46*b + 44. Calculate o(-1).
450
Let h(l) = l**3 - 57*l**2 + 177*l + 100. Determine h(54).
910
Let z(o) = -80*o**2 - 63*o + 65. Determine z(1).
-78
Let d(n) = n**2 - 39*n + 172. What is d(14)?
-178
Let o(u) = -6*u**2 - 139*u + 119. Give o(-24).
-1
Let t(l) = -l**2 + 31*l + 3. Determine t(0).
3
Let m(o) = o**3 - o**2 + 131*o - 389. What is m(3)?
22
Let w(t) = 6*t**2 - 223*t + 1268. Calculate w(30).
-22
Let r(x) = x**2 + 42*x + 359. Calculate r(-12).
-1
Let i(j) = -j**3 - 10*j**2 + 7*j + 20. Calculate i(-5).
-140
Let d(z) = -89*z + 14. Give d(4).
-342
Let y(t) = -t**2 - 21*t + 3. Give y(-7).
101
Let d(g) = -2*g**3 + 2*g**2 + 8*g + 3. Give d(4).
-61
Let s(m) = 188*m**2 + 2*m. Give s(1).
190
Let z(u) = -u**2 - 101*u - 308. Give z(-3).
-14
Let g(u) = -16*u + 498. Calculate g(46).
-238
Let a(q) = 1029*q + 19572. Determine a(-19).
21
Let a(x) = 2*x**3 + 4*x**2 + 3*x - 3. What is a(4)?
201
Let a(u) = u**2 + 86*u + 1764. Determine a(-34).
-4
Let i(m) = 489*m + 254. Determine i(0).
254
Let s(x) = 31*x + 234. Calculate s(-10).
-76
Let x(f) = -f**2 + 33*f - 205. Give x(8).
-5
Let h(p) = p**3 + 119*p**2 + 237*p + 352. Determine h(-117).
1
Let q(i) = i**3 + 5*i**2 - 14*i - 4. What is q(-7)?
-4
Let t(y) = -65*y - 23. Determine t(-1).
42
Let f(z) = -8*z**2 - 122*z + 49. Calculate f(-16).
-47
Let c(x) = -9*x + 129. Determine c(16).
-15
Let z(r) = 11*r + 72. Calculate z(-21).
-159
Let t(l) = -l**3 - 25*l**2 - 255*l - 8337. Calculate t(-27).
6
Let x(b) = b**3 - 61*b**2 + 927*b + 43. Determine x(28).
127
Let x(n) = -27*n**2 - 137*n + 8. Give x(-6).
-142
Let v(i) = -2*i**3 + 26*i**2 + 18*i + 132. What is v(14)?
-8
Let i(r) = -r**2 - 37*r - 209. Give i(-29).
23
Let b(u) = -2*u**2 - 286*u - 9678. What is b(-55)?
2
Let y(n) = -n**2 + 662*n - 24295. Calculate y(39).
2
Let j(l) = 411*l + 5279. Determine j(-13).
-64
Let c(y) = 27*y - 260. Give c(10).
10
Let d(m) = 195*m - 1067. Give d(5).
-92
Let k(d) = d**2 + 67*d + 1144. What is k(-28)?
52
Let x(a) = -3*a + 604. Calculate x(28).
520
Let o(l) = -l**2 + 2703*l - 51009. Calculate o(19).
-13
Let v(g) = g**3 - 15*g**2 - 26*g + 546. Give v(14).
-14
Let w(d) = 7*d - 238. What is w(41)?
49
Let o(i) = 425*i + 7650. Determine o(-18).
0
Let p(n) = 2*n**2 + 28*n + 51. Determine p(-11).
-15
Let a(f) = 12*f + 609. Calculate a(-49).
21
Let v(r) = -r**2 + 256*r + 783. Calculate v(-3).
6
Let p(d) = 104*d + 4073. What is p(-39)?
17
Let l(u) = 81*u - 882. Give l(10).
-72
Let u(j) = 30*j - 85. What is u(13)?
305
Let c(o) = o**3 + 14*o**2 + 5*o + 68. Determine c(-7).
376
Let z(k) = -779*k + 4684. Determine z(6).
10
Let j(q) = 8*q**2 + 149*q - 89. Give j(-19).
-32
Let j(r) = 3*r**2 - 32*r - 32. Calculate j(12).
16
Let w(x) = -x**3 - 27*x**2 + 251*x + 11. Give w(7).
102
Let v(y) = 1000*y + 7997. Calculate v(-8).
-3
Let i(c) = 5*c + 14. What is i(-10)?
-36
Let i(x) = x**3 + 12*x**2 - 59*x - 401. Calculate i(-13).
197
Let a(p) = p**2 + 39*p + 204. Determine a(-33).
6
Let k(d) = 9*d - 31. What is k(15)?
104
Let z(o) = 3*o**3 - 38*o**2 + 25*o + 6. Determine z(12).
18
Let k(w) = -w**2 - 131*w - 4095. What is k(-50)?
-45
Let z(j) = -j**2 + 78*j + 1004. Give z(-12).
-76
Let w(p) = 1767*p - 1. What is w(0)?
-1
Let k(n) = n**3 + 22*n**2 + 3*n + 76. Determine k(-22).
10
Let d(s) = -2*s**3 + 137*s**2 - 77*s + 618. Give d(68).
6
Let m(a) = -9*a**2 + 424*a - 1266. What is m(3)?
-75
Let c(p) = p**2 + 52*p - 5. Calculate c(0).
-5
Let h(d) = 1042*d - 5202. Determine h(5).
8
Let u(h) = 9*h + 39. Determine u(-3).
12
Let v(s) = 5*s**3 - 1570*s**2 + s - 339. Determine v(314).
-25
Let k(m) = -m**3 + 26*m**2 - 146*m - 252. Give k(12).
12
Let q(g) = 3*g**2 - 56*g + 202. Calculate q(7).
-43
Let f(n) = -2*n**2 + 43*n - 114. Give f(15).
81
Let p(x) = 106*x - 4751. Give p(45).
19
Let n(k) = 3*k**3 - 2*k**2 + 48*k + 224. What is n(-3)?
-19
Let o(r) = r**3 + 26*r**2 + 22. Determine o(-26).
22
Let t(c) = -89*c + 8059. What is t(89)?
138
Let z(h) = 3*h**3 - 15*h + 20. Calculate z(5).
320
Let s(b) = -15*b**2 - 1460*b - 466. Give s(-97).
19
Let i(k) = 47*k**3 - 8*k**2 + 7*k - 3. Calculate i(1).
43
Let n(p) = -3*p**2 + 58*p - 41. Determine n(19).
-22
Let h(p) = p**3 + 49*p**2 + 6*p + 82. Give h(-49).
-212
Let i(g) = 378*g - 1378. Calculate i(4).
134
Let u(a) = 58*a - 738. What is u(13)?
16
Let z(a) = -75*a - 586. What is z(-13)?
389
Let d(l) = -34*l + 173. Determine d(7).
-65
Let a(s) = s**3 + 7*s**2 - 3*s - 47. Give a(-7).
-26
Let o(f) = 10*f + 434. Give o(-41).
24
Let n(h) = -72*h - 51. Determine n(0).
-51
Let d(m) = -352*m - 2482. Calculate d(-7).
-18
Let s(t) = 2*t**3 - 57*t**2 + 71*t - 107. Calculate s(27).
-377
Let i(o) = -o**3 + 13*o**2 - 147*o + 1907. Calculate i(13).
-4
Let a(u) = 6*u**2 + 242*u - 432. What is a(-42)?
-12
Let i(m) = 11*m + 26. What is i(-6)?
-40
Let r(i) = -32*i - 260. Determine r(-7).
-36
Let w(p) = 9*p**2 - 123*p - 116. Give w(-1).
16
Let a(p) = 437*p + 6997. Calculate a(-16).
5
Let j(n) = 3*n**3 + 139*n**2 - 90*n + 251. What is j(-47)?
63
Let l(i) = i**2 + 38*i - 1335. Give l(-60).
-15
Let p(o) = 3*o**2 - 28*o - 17. Determine p(9).
-26
Let m(p) = p**3 + 2*p**2 - 41*p - 6. Determine m(-6).
96
Let i(u) = u**2 - 10*u + 55. Calculate i(6).
31
Let v(s) = 19*s**3 + 8*s**2 - s - 2. Calculate v(3).
580
Let n(m) = -m**2 + 4*m + 664. Give n(25).
139
Let s(c) = 45*c - 3758. Determine s(84).
22
Let h(f) = -f**2 + 159*f + 3390. Determine h(178).
8
Let k(u) = u**3 + 67*u**2 - 194*u + 1123. Give k(-70).
3
Let h(d) = d**3 + 6*d**2 + 3890*d + 15538. Determine h(-4).
10
Let y(i) = -92*i + 1207. What is y(13)?
11
Let x(z) = -44*z**3 - z**2 + 5*z + 2. Calculate x(-2).
340
Let v(n) = -5*n**3 - 24*n**2 - 63*n + 2. What is v(-3)?
110
Let c(f) = -9*f**3 + 117*f**2 + 5*f - 47. Calculate c(13).
18
Let x(t) = -1380*t - 24831. Determine x(-18).
9
Let u(s) = -2536*s - 15209. What is u(-6)?
7
Let c(s) = 80*s + 12057. Calculate c(-150).
57
Let b(z) = -18*z**3 + 4*z**2 + 8*z + 26. Calculate b(-3).
524
Let j(l) = -244*l - 3895. What is j(-16)?
9
Let d(t) = t**3 + 51*t**2 + 43*t - 153. Determine d(-50).
197
Let s(n) = -2*n**3 - 7*n**2 + 67*n - 118. What is s(-8)?
-78
Let i(o) = 12*o + 109. Determine i(-2).
85
Let y(h) = -h**3 + 51*h**2 + 10*h - 510. What is y(51)?
0
Let u(r) = -1011*r + 28314. Calculate u(28).
6
Let g(w) = -1265*w - 39220. Give g(-31).
-5
Let x(p) = -23*p**2 + 18*p - 54. Calculate x(3).
-207
Let f(h) = -2*h**3 - 13*h**2 - 16*h - 5. What is f(-6)?
55
Let m(x) = 24*x - 856. Determine m(35).
-16
Let r(y) = y**3 + 24*y**2 - 127*y - 3529. What is r(-23)?
-79
Let v(t) = -t**2 + 19*t + 71. Give v(16).
119
Let p(g) = g**2 + 43*g + 80. What is p(-41)?
-2
Let x(w) = 2*w**3 + 39*w**2 + 27*w + 173. Determine x(-19).
21
Let s(o) = 2*o**3 - 496*o**2 + 1020*o - 8855. Give s(246).
1
Let q(r) = -8*r**3 + 47*r**2 - 27*r + 163. Give q(6).
-35
Let g(s) = -164*s + 313. Calculate g(2).
-15
Let v(g) = 3*g**2 + 8*g - 175. Calculate v(7).
28
Let h(s) = s**2 + 13*s - 974. Calculate h(-39).
40
Let s(j) = -2*j**3 - 12*j**2 - 28*j - 93. Give s(-5).
-3
Let a(v) = 289*v + 7192. Calculate a(-25).
-33
Let h(g) = g**2 + 64*g + 871. Calculate h(-21).
-32
Let b(f) = 1141*f - 14818. Calculate b(13).
15
Let f(x) = x**3 + 9*x**2 - 282*x - 550. What is f(-21)?
80
Let d(r) = -4*r**3 + 23*r**2 - 4*r - 1. Calculate d(6).
-61
Let v(r) = r**3 - 18*r**2 - 125*r + 1306. Determine v(21).
4
Let g(m) = m**3 + m**2 - 21*m + 42. Calculate g(3).
15
Let u(j) = -25*j +